5981 composite?
False
Is 1030463 a prime number?
False
Is 3235 composite?
True
Is 864609 a prime number?
False
Is 91079 a prime number?
True
Is 40343 a composite number?
False
Is 10405 prime?
False
Is 2246 a composite number?
True
Is 653473 a composite number?
False
Is 839957 prime?
True
Is 790547 composite?
False
Is 506395 a composite number?
True
Is 1831 composite?
False
Is 1060673 a prime number?
True
Is 1077707 prime?
True
Is 223435 a prime number?
False
Is 7151 a composite number?
False
Is 12569 a composite number?
False
Is 461199 a prime number?
False
Is 144251 a composite number?
True
Is 380503 composite?
False
Is 53349 composite?
True
Is 443077 a prime number?
True
Is 13997 prime?
True
Is 5021 prime?
True
Is 87383 prime?
True
Is 101435 prime?
False
Is 1953359 a prime number?
True
Is 70589 a prime number?
True
Is 12143 prime?
True
Is 18397 a prime number?
True
Is 43123 a composite number?
True
Is 86531 composite?
False
Is 16601 a composite number?
True
Is 149735 composite?
True
Is 148921 composite?
False
Is 31247 a prime number?
True
Is 14513 a composite number?
True
Is 2174641 a prime number?
False
Is 240571 composite?
False
Is 979 a prime number?
False
Is 31271 a prime number?
True
Is 1417 prime?
False
Is 1151 a prime number?
True
Is 23839 composite?
True
Is 269291 a composite number?
True
Is 2173183 a composite number?
False
Is 55741 prime?
False
Is 456818 prime?
False
Is 11885 composite?
True
Is 21911 a prime number?
True
Is 9698053 prime?
True
Is 2159 prime?
False
Is 5567 composite?
True
Is 128461 a prime number?
True
Is 125371 prime?
True
Is 766433 composite?
True
Is 850207 a prime number?
True
Is 451 a composite number?
True
Is 13891 a prime number?
False
Is 4579 a composite number?
True
Is 80635 composite?
True
Is 22303 prime?
True
Is 363829 a composite number?
False
Is 5195 a composite number?
True
Is 296117 composite?
False
Is 40213 a prime number?
True
Is 15599 prime?
False
Is 1370467 composite?
True
Is 796931 composite?
False
Is 8923 prime?
True
Is 9577 prime?
False
Is 20089 prime?
True
Is 163223 composite?
False
Is 74759 prime?
True
Is 4738735 a prime number?
False
Is 207071 composite?
True
Is 8353 a composite number?
False
Is 107563 prime?
True
Is 5493 composite?
True
Is 923 a prime number?
False
Is 386777 a composite number?
False
Is 15311 a composite number?
True
Is 312121 composite?
False
Is 269489 a prime number?
False
Is 267091 a prime number?
False
Is 100787 a prime number?
True
Is 22229 composite?
False
Is 498493 prime?
True
Is 787 a prime number?
True
Is 137107 a composite number?
True
Is 55439 composite?
False
Is 1039 a composite number?
False
Is 58991 a composite number?
False
Is 68891 composite?
False
Is 184043 prime?
True
Is 877 composite?
False
Is 735683 a prime number?
False
Is 35641 a composite number?
True
Is 59017 a composite number?
True
Is 745 prime?
False
Is 6839 a composite number?
True
Is 28939 a prime number?
False
Is 112753 composite?
True
Is 545 a prime number?
False
Is 1839343 prime?
False
Is 29477 prime?
False
Is 271481 prime?
False
Is 1569149 a composite number?
False
Is 249433 composite?
False
Is 25439 a composite number?
False
Is 1165877 prime?
False
Is 44381 a prime number?
True
Is 25763 a composite number?
False
Is 17779 a prime number?
False
Is 6964471 prime?
True
Is 32493 a prime number?
False
Is 112429 a composite number?
False
Is 911993 a prime number?
False
Is 1823 a prime number?
True
Is 5601 a prime number?
False
Is 670097 a prime number?
True
Is 51749 composite?
False
Is 15401 a composite number?
False
Is 295 prime?
False
Is 65213 a prime number?
True
Is 901 prime?
False
Is 1753 a composite number?
False
Is 181037 prime?
False
Is 38261 a prime number?
True
Is 1188658 composite?
True
Is 854807 a prime number?
True
Is 108483 a composite number?
True
Is 595591 composite?
True
Is 880273 prime?
False
Is 38939 composite?
True
Is 9611 composite?
True
Is 802777 composite?
False
Is 205679 a composite number?
True
Is 290863 a composite number?
True
Is 4409 a prime number?
True
Is 27059 a composite number?
False
Is 90553 a prime number?
False
Is 46597 a prime number?
False
Is 91727 a composite number?
True
Is 23479 composite?
True
Is 180049 a composite number?
True
Is 34211 composite?
False
Is 269 composite?
False
Is 1596251 a prime number?
True
Is 3665 prime?
False
Is 500297 a prime number?
False
Is 8669911 a composite number?
False
Is 57614 prime?
False
Is 288907 a prime number?
True
Is 616459 a composite number?
False
Is 71249 a composite number?
False
Is 205339 composite?
False
Is 1259 composite?
False
Is 869 prime?
False
Is 65599 a composite number?
False
Is 21377 composite?
False
Is 36199 composite?
True
Is 76871 a composite number?
False
Is 18969 a prime number?
False
Is 2457111 a prime number?
False
Is 111029 a prime number?
True
Is 209 a prime number?
False
Is 122195 prime?
False
Is 5531 prime?
True
Is 1543 composite?
False
Is 37691 prime?
True
Is 1067 prime?
False
Is 140687 prime?
False
Is 175709 composite?
False
Is 7039 a prime number?
True
Is 10477 prime?
True
Is 546349 a composite number?
False
Is 359893 a prime number?
False
Is 52753 a composite number?
True
Is 1221373 prime?
True
Is 40381 prime?
False
Is 14023 a prime number?
False
Is 6127 a prime number?
False
Is 956341 a composite number?
False
Is 7031 a prime number?
False
Is 46399 prime?
True
Is 30059 prime?
True
Is 43207 prime?
True
Is 286211 composite?
True
Is 249367 composite?
False
Is 166247 composite?
False
Is 4559 a prime number?
False
Is 4269 a composite number?
True
Is 17117 composite?
False
Is 3377 a composite number?
True
Is 48589 a composite number?
False
Is 769631 prime?
False
Is 30103 a prime number?
True
Is 8719 prime?
True
Is 12703 a composite number?
False
Is 25001 a prime number?
False
Is 122635 prime?
False
Is 264351 a prime number?
False
Is 15017 prime?
True
Is 2395 prime?
False
Is 78121 prime?
True
Is 27539 a composite number?
False
Is 62077 composite?
True
Is 49081 prime?
True
Is 5209 a composite number?
False
Is 45007 a prime number?
True
Is 11771 prime?
False
Is 8885 a prime number?
False
Is 36053 a prime number?
False
Is 376973 a prime number?
False
Is 14827 a composite number?
False
Is 15013 composite?
False
Is 109811 composite?
True
Is 257707 a prime number?
True
Is 1726 prime?
False
Is 18741 a prime number?
False
Is 129547 composite?
True
Is 453209 prime?
True
Is 419 prime?
True
Is 132131 a composite number?
True
Is 37717 composite?
False
Is 332837 a composite number?
False
Is 9601 prime?
True
Is 32459 a composite number?
True
Is 171491 prime?
True
Is 55747 a composite number?
True
Is 103361 a composite number?
True
Is 375467 a composite number?
False
Is 10289 prime?
True
Is 6599 a composite number?
False
Is 58654 prime?
False
Is 587 prime?
True
Is 1248295 a prime number?
False
Is 505259 composite?
True
Is 71843 prime?
True
Is 2154727 a prime number?
True
Is 211 prime?
True
Is 29261 a prime number?
False
Is 14099 composite?
True
Is 15727 composite?
False
Is 133051 a prime number?
True
Is 18805 composite?
True
Is 5077 composite?
False
Is 4249 a prime number?
False
Is 11351 a prime number?
True
Is 321547 prime?
True
Is 342217 a composite number?
True
Is 15905 composite?
True
Is 977609 a composite number?
False
Is 38667 a prime number?
False
Is 136923 a composite number?
True
Is 1407853 a composite number?
True
Is 26153 a composite number?
False
Is 3560059 prime?
True
Is 106885 composite?
True
Is 133033 composite?
False
Is 21993 a prime number?
False
Is 5323 a composite number?
False
Is 19407 prime?
False
Is 26747 a composite number?
True
Is 350423 composite?
False
Is 6449 prime?
True
Is 12319 composite?
True
Is 68533 prime?
False
Is 41381 a prime number?
True
Is 102919 a prime number?
False
Is 2939 prime?
True
Is 6113 a prime number?
True
Is 205 composite?
True
Is 1597 prime?
True
Is 344561 composite?
True
Is 776651 a composite number?
False
Is 196189 a prime number?
False
Is 3011 a composite number?
False
Is 3409 a composite number?
True
Is 419 a composite number?
False
Is 858869 a prime number?
False
Is 27323 a prime number?
False
Is 607619 composite?
False
Is 89971 composite?
True
Is 17606 a prime number?
False
Is 351143 a prime number?
False
Is 1123 a prime number?
True
Is 1073 a prime number